is the units digit of 34044?
4
What is the hundreds digit of 2172?
1
What is the hundreds digit of 1042?
0
What is the hundreds digit of 18779?
7
What is the thousands digit of 9799?
9
What is the hundreds digit of 33193?
1
What is the ten thousands digit of 40258?
4
What is the tens digit of 29002?
0
What is the ten thousands digit of 15817?
1
What is the thousands digit of 16271?
6
What is the ten thousands digit of 12917?
1
What is the units digit of 10517?
7
What is the units digit of 776?
6
What is the hundreds digit of 260?
2
What is the tens digit of 23066?
6
What is the hundreds digit of 9041?
0
What is the units digit of 84378?
8
What is the hundreds digit of 77433?
4
What is the units digit of 333?
3
What is the units digit of 73?
3
What is the ten thousands digit of 98910?
9
What is the tens digit of 66152?
5
What is the thousands digit of 54229?
4
What is the units digit of 227?
7
What is the units digit of 4035?
5
What is the ten thousands digit of 24684?
2
What is the tens digit of 456?
5
What is the tens digit of 6398?
9
What is the tens digit of 164?
6
What is the tens digit of 4117?
1
What is the tens digit of 2616?
1
What is the ten thousands digit of 21299?
2
What is the tens digit of 7164?
6
What is the tens digit of 8923?
2
What is the tens digit of 2352?
5
What is the thousands digit of 7524?
7
What is the hundreds digit of 459?
4
What is the units digit of 91166?
6
What is the hundred thousands digit of 119693?
1
What is the tens digit of 9215?
1
What is the units digit of 2337?
7
What is the hundreds digit of 2928?
9
What is the tens digit of 3284?
8
What is the tens digit of 187?
8
What is the ten thousands digit of 34249?
3
What is the units digit of 925?
5
What is the tens digit of 142?
4
What is the hundreds digit of 5538?
5
What is the units digit of 2440?
0
What is the hundreds digit of 308?
3
What is the tens digit of 16619?
1
What is the thousands digit of 2567?
2
What is the thousands digit of 2164?
2
What is the ten thousands digit of 10813?
1
What is the units digit of 394?
4
What is the units digit of 1059?
9
What is the hundreds digit of 157171?
1
What is the hundreds digit of 116897?
8
What is the hundreds digit of 92877?
8
What is the hundreds digit of 85338?
3
What is the tens digit of 1033?
3
What is the hundreds digit of 51397?
3
What is the tens digit of 50392?
9
What is the hundreds digit of 605?
6
What is the units digit of 3101?
1
What is the hundreds digit of 19147?
1
What is the tens digit of 4033?
3
What is the units digit of 680?
0
What is the tens digit of 1558?
5
What is the hundreds digit of 33501?
5
What is the tens digit of 116?
1
What is the units digit of 355?
5
What is the thousands digit of 19188?
9
What is the tens digit of 8211?
1
What is the units digit of 740?
0
What is the tens digit of 1776?
7
What is the hundreds digit of 3981?
9
What is the hundreds digit of 1605?
6
What is the hundreds digit of 1083?
0
What is the thousands digit of 30174?
0
What is the hundreds digit of 52016?
0
What is the hundreds digit of 1010?
0
What is the units digit of 1055?
5
What is the units digit of 1164?
4
What is the tens digit of 6892?
9
What is the tens digit of 816?
1
What is the units digit of 69?
9
What is the hundreds digit of 153?
1
What is the thousands digit of 35343?
5
What is the hundreds digit of 2958?
9
What is the tens digit of 2826?
2
What is the units digit of 18909?
9
What is the hundreds digit of 476?
4
What is the tens digit of 54490?
9
What is the thousands digit of 6009?
6
What is the hundreds digit of 154569?
5
What is the units digit of 610?
0
What is the tens digit of 6141?
4
What is the tens digit of 12121?
2
What is the hundreds digit of 2176?
1
What is the tens digit of 25104?
0
What is the ten thousands digit of 32499?
3
What is the tens digit of 529?
2
What is the thousands digit of 2811?
2
What is the tens digit of 2637?
3
What is the tens digit of 3191?
9
What is the tens digit of 6809?
0
What is the thousands digit of 71362?
1
What is the units digit of 4586?
6
What is the hundreds digit of 5985?
9
What is the hundreds digit of 4714?
7
What is the units digit of 8313?
3
What is the tens digit of 963?
6
What is the units digit of 14204?
4
What is the units digit of 251?
1
What is the units digit of 5016?
6
What is the units digit of 3670?
0
What is the units digit of 8292?
2
What is the ten thousands digit of 59705?
5
What is the hundreds digit of 56418?
4
What is the hundreds digit of 54500?
5
What is the tens digit of 13685?
8
What is the units digit of 3867?
7
What is the units digit of 386?
6
What is the tens digit of 18686?
8
What is the units digit of 20978?
8
What is the hundred thousands digit of 104921?
1
What is the thousands digit of 7337?
7
What is the hundreds digit of 3100?
1
What is the units digit of 2150?
0
What is the hundreds digit of 16066?
0
What is the hundreds digit of 5800?
8
What is the tens digit of 49714?
1
What is the units digit of 451?
1
What is the units digit of 473?
3
What is the hundreds digit of 2495?
4
What is the hundreds digit of 5751?
7
What is the units digit of 29247?
7
What is the thousands digit of 18552?
8
What is the hundreds digit of 8097?
0
What is the units digit of 42607?
7
What is the units digit of 115?
5
What is the tens digit of 1095?
9
What is the thousands digit of 7779?
7
What is the units digit of 4379?
9
What is the tens digit of 32891?
9
What is the thousands digit of 25529?
5
What is the ten thousands digit of 28720?
2
What is the ten thousands digit of 12268?
1
What is the hundreds digit of 632?
6
What is the hundreds digit of 6120?
1
What is the thousands digit of 118405?
8
What is the units digit of 2441?
1
What is the tens digit of 68?
6
What is the thousands digit of 12287?
2
What is the tens digit of 59457?
5
What is the tens digit of 123628?
2
What is the tens digit of 2871?
7
What is the units digit of 5088?
8
What is the tens digit of 9206?
0
What is the tens digit of 3527?
2
What is the units digit of 17623?
3
What is the thousands digit of 1578?
1
What is the hundreds digit of 4865?
8
What is the tens digit of 381?
8
What is the hundreds digit of 25225?
2
What is the tens digit of 1015?
1
What is the thousands digit of 7445?
7
What is the tens digit of 1037?
3
What is the tens digit of 1195?
9
What is the units digit of 15291?
1
What is the tens digit of 2354?
5
What is the hundreds digit of 2442?
4
What is the tens digit of 205?
0
What is the tens digit of 630?
3
What is the thousands digit of 2062?
2
What is the thousands digit of 30691?
0
What is the hundreds digit of 9468?
4
What is the tens digit of 8030?
3
What is the tens digit of 123159?
5
What is the ten thousands digit of 46399?
4
What is the hundreds digit of 10005?
0
What is the thousands digit of 66718?
6
What is the ten thousands digit of 17013?
1
What is the hundreds digit of 10311?
3
What is the hundreds digit of 15189?
1
What is the hundreds digit of 623?
6
What is the units digit of 2970?
0
What is the ten thousands digit of 30244?
3
What is the hundreds digit of 895?
8
What is the tens digit of 27023?
2
What is the units digit of 51608?
8
What is the ten thousands digit of 32888?
3
What is the hundreds digit of 59423?
4
What is the hundreds digit of 1311?
3
What is the tens digit of 677?
7
What is the tens digit of 72946?
4
What is the units digit of 276?
6
What is the hundreds digit of 5607?
6
What is the ten thousands digit of 11442?
1
What is the thousands digit of 2116?
2
What is the units digit of 174?
4
What is the hundreds digit of 822?
8
What is the tens digit of 1448?
4
What is the ten thousands digit of 20526?
2
What is the units digit of 3884?
4
What is the tens digit of 1655?
5
What is the tens digit of 729?
2
What is the hundreds digit of 48088?
0
What is the ten thousands digit of 23562?
2
What is the hundreds digit of 624?
6
What is the units digit of 1758?
8
What is the hundreds digit of 3827?
8
What is the tens digit of 2100?
0
What is the thousands digit of 14398?
4
What is the hundreds digit of 462?
4
What is the thousands digit of 79271?
9
What is the tens digit of 2300?
0
What is the hundreds digit of 3320?
3
What is the units digit of 359?
9
What is the ten thousands digit of 16922?
1
What is the thou